{"id":4087,"date":"2017-08-31T16:12:03","date_gmt":"2017-08-31T16:12:03","guid":{"rendered":"http:\/\/jofer.pro\/?page_id=4087"},"modified":"2018-01-11T12:04:58","modified_gmt":"2018-01-11T12:04:58","slug":"climatizacion-y-ventilacion","status":"publish","type":"page","link":"https:\/\/jofer.pro\/pt\/climatizacion-y-ventilacion\/","title":{"rendered":"CLIMATIZA\u00c7\u00c3O E VENTILA\u00c7\u00c3O"},"content":{"rendered":"<p><a href=\"https:\/\/jofer.pro\/areas\/\">\u00c1reas<\/a> &#8211; <span style=\"color: #f4e610; font-size: 19px; font-weight: bold;\">Climatiza\u00e7\u00e3o e a ventila\u00e7\u00e3o<\/span><\/p>\n<p>Desde as origens a climatiza\u00e7\u00e3o e a ventila\u00e7\u00e3o foram a principal actividade da empresa. Esta especializou-se em instala\u00e7\u00f5es centralizadas e execu\u00e7\u00e3o de projectos de grande envergadura apoiados num escrit\u00f3rio t\u00e9cnico pr\u00f3pria que com com engenheiros de ampla experi\u00eancia no sector.<\/p>\n<p>Al\u00e9m disso a manuten\u00e7\u00e3o preventiva entendida como rotina de actua\u00e7\u00f5es realizadas de forma sistem\u00e1tica e com uma frequ\u00eancia determinada para favorecer o perfeito estado dos equipamentos, \u00e9 uma actividade cada vez mais solicitada e que permite melhorar o rendimento dos equipamentos e prolongar a vida das instala\u00e7\u00f5es.<\/p>\n<p>A Jofer nasceu como uma empresa de climatiza\u00e7\u00e3o e de ventila\u00e7\u00e3o e \u00e9 por isso que o grau de especializa\u00e7\u00e3o neste tipo de instala\u00e7\u00f5es \u00e9 m\u00e1ximo, contando com uma ampla equipa de instaladores altamente qualificados.<\/p>\n<p>Neste tipo de instala\u00e7\u00f5es executam-se\u00a0desde instala\u00e7\u00f5es b\u00e1sicas dom\u00e9sticas at\u00e9 sistemas de climatiza\u00e7\u00e3o e de ventila\u00e7\u00e3o com elevadas pot\u00eancias frigor\u00edficas para centros comerciais ou instala\u00e7\u00f5es desenhadas por medida para edif\u00edcios individuais.<\/p>\n<p>A colabora\u00e7\u00e3o com os fabricantes de primeiro n\u00edvel permite estar na vanguarda das instala\u00e7\u00f5es de climatiza\u00e7\u00e3o e de ventila\u00e7\u00e3o oferecendo um servi\u00e7o altamente especializado.<\/p>","protected":false},"excerpt":{"rendered":"<p>\u00c1reas &#8211; Climatiza\u00e7\u00e3o e a ventila\u00e7\u00e3o Desde as origens a climatiza\u00e7\u00e3o e a ventila\u00e7\u00e3o foram a principal actividade da empresa. Esta especializou-se em instala\u00e7\u00f5es centralizadas e execu\u00e7\u00e3o de projectos de grande envergadura apoiados num escrit\u00f3rio t\u00e9cnico pr\u00f3pria que com com engenheiros de ampla experi\u00eancia no sector. Al\u00e9m disso a manuten\u00e7\u00e3o preventiva entendida como rotina de&#8230; <\/p>\n<div class=\"clear\"><\/div>\n<p><a href=\"https:\/\/jofer.pro\/pt\/climatizacion-y-ventilacion\/\" class=\"excerpt-read-more\">Learn More<i class=\"fa fa-angle-double-right icon-double-angle-right\"><\/i><\/a><\/p>\n","protected":false},"author":3,"featured_media":0,"parent":0,"menu_order":0,"comment_status":"closed","ping_status":"closed","template":"","meta":{"footnotes":""},"class_list":["post-4087","page","type-page","status-publish","hentry"],"yoast_head":"<!-- This site is optimized with the Yoast SEO plugin v26.5 - https:\/\/yoast.com\/wordpress\/plugins\/seo\/ -->\n<title>CLIMATIZA\u00c7\u00c3O E VENTILA\u00c7\u00c3O - Jofer<\/title>\n<meta name=\"robots\" content=\"index, follow, max-snippet:-1, max-image-preview:large, max-video-preview:-1\" \/>\n<link rel=\"canonical\" href=\"https:\/\/jofer.pro\/climatizacion-y-ventilacion\/\" \/>\n<meta property=\"og:locale\" content=\"pt_PT\" \/>\n<meta property=\"og:type\" content=\"article\" \/>\n<meta property=\"og:title\" content=\"CLIMATIZA\u00c7\u00c3O E VENTILA\u00c7\u00c3O - Jofer\" \/>\n<meta property=\"og:description\" content=\"\u00c1reas &#8211; Climatiza\u00e7\u00e3o e a ventila\u00e7\u00e3o Desde as origens a climatiza\u00e7\u00e3o e a ventila\u00e7\u00e3o foram a principal actividade da empresa. Esta especializou-se em instala\u00e7\u00f5es centralizadas e execu\u00e7\u00e3o de projectos de grande envergadura apoiados num escrit\u00f3rio t\u00e9cnico pr\u00f3pria que com com engenheiros de ampla experi\u00eancia no sector. Al\u00e9m disso a manuten\u00e7\u00e3o preventiva entendida como rotina de... Learn More\" \/>\n<meta property=\"og:url\" content=\"https:\/\/jofer.pro\/climatizacion-y-ventilacion\/\" \/>\n<meta property=\"og:site_name\" content=\"Jofer\" \/>\n<meta property=\"article:modified_time\" content=\"2018-01-11T12:04:58+00:00\" \/>\n<meta name=\"twitter:card\" content=\"summary_large_image\" \/>\n<meta name=\"twitter:label1\" content=\"Tempo estimado de leitura\" \/>\n\t<meta name=\"twitter:data1\" content=\"3 minutos\" \/>\n<script type=\"application\/ld+json\" class=\"yoast-schema-graph\">{\"@context\":\"https:\/\/schema.org\",\"@graph\":[{\"@type\":\"WebPage\",\"@id\":\"https:\/\/jofer.pro\/climatizacion-y-ventilacion\/\",\"url\":\"https:\/\/jofer.pro\/climatizacion-y-ventilacion\/\",\"name\":\"CLIMATIZA\u00c7\u00c3O E VENTILA\u00c7\u00c3O - Jofer\",\"isPartOf\":{\"@id\":\"https:\/\/jofer.pro\/#website\"},\"datePublished\":\"2017-08-31T16:12:03+00:00\",\"dateModified\":\"2018-01-11T12:04:58+00:00\",\"breadcrumb\":{\"@id\":\"https:\/\/jofer.pro\/climatizacion-y-ventilacion\/#breadcrumb\"},\"inLanguage\":\"pt-PT\",\"potentialAction\":[{\"@type\":\"ReadAction\",\"target\":[\"https:\/\/jofer.pro\/climatizacion-y-ventilacion\/\"]}]},{\"@type\":\"BreadcrumbList\",\"@id\":\"https:\/\/jofer.pro\/climatizacion-y-ventilacion\/#breadcrumb\",\"itemListElement\":[{\"@type\":\"ListItem\",\"position\":1,\"name\":\"Portada\",\"item\":\"https:\/\/jofer.pro\/\"},{\"@type\":\"ListItem\",\"position\":2,\"name\":\"Climatizaci\u00f3n y Ventilaci\u00f3n\"}]},{\"@type\":\"WebSite\",\"@id\":\"https:\/\/jofer.pro\/#website\",\"url\":\"https:\/\/jofer.pro\/\",\"name\":\"Jofer\",\"description\":\"\",\"publisher\":{\"@id\":\"https:\/\/jofer.pro\/#organization\"},\"potentialAction\":[{\"@type\":\"SearchAction\",\"target\":{\"@type\":\"EntryPoint\",\"urlTemplate\":\"https:\/\/jofer.pro\/?s={search_term_string}\"},\"query-input\":{\"@type\":\"PropertyValueSpecification\",\"valueRequired\":true,\"valueName\":\"search_term_string\"}}],\"inLanguage\":\"pt-PT\"},{\"@type\":\"Organization\",\"@id\":\"https:\/\/jofer.pro\/#organization\",\"name\":\"Jofer\",\"url\":\"https:\/\/jofer.pro\/\",\"logo\":{\"@type\":\"ImageObject\",\"inLanguage\":\"pt-PT\",\"@id\":\"https:\/\/jofer.pro\/#\/schema\/logo\/image\/\",\"url\":\"https:\/\/jofer.pro\/wp-content\/uploads\/2017\/06\/Logotipo1.png\",\"contentUrl\":\"https:\/\/jofer.pro\/wp-content\/uploads\/2017\/06\/Logotipo1.png\",\"width\":496,\"height\":210,\"caption\":\"Jofer\"},\"image\":{\"@id\":\"https:\/\/jofer.pro\/#\/schema\/logo\/image\/\"},\"sameAs\":[\"https:\/\/www.linkedin.com\/in\/jose-maria-fernandez-ca\u00f1as-a80a7b21?ppe=1\"]}]}<\/script>\n<!-- \/ Yoast SEO plugin. -->","yoast_head_json":{"title":"CLIMATIZA\u00c7\u00c3O E VENTILA\u00c7\u00c3O - Jofer","robots":{"index":"index","follow":"follow","max-snippet":"max-snippet:-1","max-image-preview":"max-image-preview:large","max-video-preview":"max-video-preview:-1"},"canonical":"https:\/\/jofer.pro\/climatizacion-y-ventilacion\/","og_locale":"pt_PT","og_type":"article","og_title":"CLIMATIZA\u00c7\u00c3O E VENTILA\u00c7\u00c3O - Jofer","og_description":"\u00c1reas &#8211; Climatiza\u00e7\u00e3o e a ventila\u00e7\u00e3o Desde as origens a climatiza\u00e7\u00e3o e a ventila\u00e7\u00e3o foram a principal actividade da empresa. Esta especializou-se em instala\u00e7\u00f5es centralizadas e execu\u00e7\u00e3o de projectos de grande envergadura apoiados num escrit\u00f3rio t\u00e9cnico pr\u00f3pria que com com engenheiros de ampla experi\u00eancia no sector. Al\u00e9m disso a manuten\u00e7\u00e3o preventiva entendida como rotina de... Learn More","og_url":"https:\/\/jofer.pro\/climatizacion-y-ventilacion\/","og_site_name":"Jofer","article_modified_time":"2018-01-11T12:04:58+00:00","twitter_card":"summary_large_image","twitter_misc":{"Tempo estimado de leitura":"3 minutos"},"schema":{"@context":"https:\/\/schema.org","@graph":[{"@type":"WebPage","@id":"https:\/\/jofer.pro\/climatizacion-y-ventilacion\/","url":"https:\/\/jofer.pro\/climatizacion-y-ventilacion\/","name":"CLIMATIZA\u00c7\u00c3O E VENTILA\u00c7\u00c3O - Jofer","isPartOf":{"@id":"https:\/\/jofer.pro\/#website"},"datePublished":"2017-08-31T16:12:03+00:00","dateModified":"2018-01-11T12:04:58+00:00","breadcrumb":{"@id":"https:\/\/jofer.pro\/climatizacion-y-ventilacion\/#breadcrumb"},"inLanguage":"pt-PT","potentialAction":[{"@type":"ReadAction","target":["https:\/\/jofer.pro\/climatizacion-y-ventilacion\/"]}]},{"@type":"BreadcrumbList","@id":"https:\/\/jofer.pro\/climatizacion-y-ventilacion\/#breadcrumb","itemListElement":[{"@type":"ListItem","position":1,"name":"Portada","item":"https:\/\/jofer.pro\/"},{"@type":"ListItem","position":2,"name":"Climatizaci\u00f3n y Ventilaci\u00f3n"}]},{"@type":"WebSite","@id":"https:\/\/jofer.pro\/#website","url":"https:\/\/jofer.pro\/","name":"Jofer","description":"","publisher":{"@id":"https:\/\/jofer.pro\/#organization"},"potentialAction":[{"@type":"SearchAction","target":{"@type":"EntryPoint","urlTemplate":"https:\/\/jofer.pro\/?s={search_term_string}"},"query-input":{"@type":"PropertyValueSpecification","valueRequired":true,"valueName":"search_term_string"}}],"inLanguage":"pt-PT"},{"@type":"Organization","@id":"https:\/\/jofer.pro\/#organization","name":"Jofer","url":"https:\/\/jofer.pro\/","logo":{"@type":"ImageObject","inLanguage":"pt-PT","@id":"https:\/\/jofer.pro\/#\/schema\/logo\/image\/","url":"https:\/\/jofer.pro\/wp-content\/uploads\/2017\/06\/Logotipo1.png","contentUrl":"https:\/\/jofer.pro\/wp-content\/uploads\/2017\/06\/Logotipo1.png","width":496,"height":210,"caption":"Jofer"},"image":{"@id":"https:\/\/jofer.pro\/#\/schema\/logo\/image\/"},"sameAs":["https:\/\/www.linkedin.com\/in\/jose-maria-fernandez-ca\u00f1as-a80a7b21?ppe=1"]}]}},"_links":{"self":[{"href":"https:\/\/jofer.pro\/pt\/wp-json\/wp\/v2\/pages\/4087","targetHints":{"allow":["GET"]}}],"collection":[{"href":"https:\/\/jofer.pro\/pt\/wp-json\/wp\/v2\/pages"}],"about":[{"href":"https:\/\/jofer.pro\/pt\/wp-json\/wp\/v2\/types\/page"}],"author":[{"embeddable":true,"href":"https:\/\/jofer.pro\/pt\/wp-json\/wp\/v2\/users\/3"}],"replies":[{"embeddable":true,"href":"https:\/\/jofer.pro\/pt\/wp-json\/wp\/v2\/comments?post=4087"}],"version-history":[{"count":5,"href":"https:\/\/jofer.pro\/pt\/wp-json\/wp\/v2\/pages\/4087\/revisions"}],"predecessor-version":[{"id":4812,"href":"https:\/\/jofer.pro\/pt\/wp-json\/wp\/v2\/pages\/4087\/revisions\/4812"}],"wp:attachment":[{"href":"https:\/\/jofer.pro\/pt\/wp-json\/wp\/v2\/media?parent=4087"}],"curies":[{"name":"wp","href":"https:\/\/api.w.org\/{rel}","templated":true}]}}

CLIMATIZAÇÃO E VENTILAÇÃO

<p><a href="https://jofer.pro/areas/">Áreas</a> &#8211; <span style="color: #f4e610; font-size: 19px; font-weight: bold;">Climatização e a ventilação</span></p>
<p>Desde as origens a climatização e a ventilação foram a principal actividade da empresa. Esta especializou-se em instalações centralizadas e execução de projectos de grande envergadura apoiados num escritório técnico própria que com com engenheiros de ampla experiência no sector.</p>
<p>Além disso a manutenção preventiva entendida como rotina de actuações realizadas de forma sistemática e com uma frequência determinada para favorecer o perfeito estado dos equipamentos, é uma actividade cada vez mais solicitada e que permite melhorar o rendimento dos equipamentos e prolongar a vida das instalações.</p>
<p>A Jofer nasceu como uma empresa de climatização e de ventilação e é por isso que o grau de especialização neste tipo de instalações é máximo, contando com uma ampla equipa de instaladores altamente qualificados.</p>
<p>Neste tipo de instalações executam-se desde instalações básicas domésticas até sistemas de climatização e de ventilação com elevadas potências frigoríficas para centros comerciais ou instalações desenhadas por medida para edifícios individuais.</p>
<p>A colaboração com os fabricantes de primeiro nível permite estar na vanguarda das instalações de climatização e de ventilação oferecendo um serviço altamente especializado.</p>

<p>Áreas &#8211; Climatização e a ventilação Desde as origens a climatização e a ventilação foram a principal actividade da empresa. Esta especializou-se em instalações centralizadas e execução de projectos de grande envergadura apoiados num escritório técnico própria que com com engenheiros de ampla experiência no sector. Além disso a manutenção preventiva entendida como rotina de&#8230; </p>
<div class="clear"></div>
<p><a href="https://jofer.pro/pt/climatizacion-y-ventilacion/" class="excerpt-read-more">Learn More<i class="fa fa-angle-double-right icon-double-angle-right"></i></a></p>

<!-- This site is optimized with the Yoast SEO plugin v26.5 - https://yoast.com/wordpress/plugins/seo/ -->
<title>CLIMATIZAÇÃO E VENTILAÇÃO - Jofer</title>
<meta name="robots" content="index, follow, max-snippet:-1, max-image-preview:large, max-video-preview:-1" />
<link rel="canonical" href="https://jofer.pro/climatizacion-y-ventilacion/" />
<meta property="og:locale" content="pt_PT" />
<meta property="og:type" content="article" />
<meta property="og:title" content="CLIMATIZAÇÃO E VENTILAÇÃO - Jofer" />
<meta property="og:description" content="Áreas &#8211; Climatização e a ventilação Desde as origens a climatização e a ventilação foram a principal actividade da empresa. Esta especializou-se em instalações centralizadas e execução de projectos de grande envergadura apoiados num escritório técnico própria que com com engenheiros de ampla experiência no sector. Além disso a manutenção preventiva entendida como rotina de... Learn More" />
<meta property="og:url" content="https://jofer.pro/climatizacion-y-ventilacion/" />
<meta property="og:site_name" content="Jofer" />
<meta property="article:modified_time" content="2018-01-11T12:04:58+00:00" />
<meta name="twitter:card" content="summary_large_image" />
<meta name="twitter:label1" content="Tempo estimado de leitura" />
	<meta name="twitter:data1" content="3 minutos" />
<script type="application/ld+json" class="yoast-schema-graph">{"@context":"https://schema.org","@graph":[{"@type":"WebPage","@id":"https://jofer.pro/climatizacion-y-ventilacion/","url":"https://jofer.pro/climatizacion-y-ventilacion/","name":"CLIMATIZAÇÃO E VENTILAÇÃO - Jofer","isPartOf":{"@id":"https://jofer.pro/#website"},"datePublished":"2017-08-31T16:12:03+00:00","dateModified":"2018-01-11T12:04:58+00:00","breadcrumb":{"@id":"https://jofer.pro/climatizacion-y-ventilacion/#breadcrumb"},"inLanguage":"pt-PT","potentialAction":[{"@type":"ReadAction","target":["https://jofer.pro/climatizacion-y-ventilacion/"]}]},{"@type":"BreadcrumbList","@id":"https://jofer.pro/climatizacion-y-ventilacion/#breadcrumb","itemListElement":[{"@type":"ListItem","position":1,"name":"Portada","item":"https://jofer.pro/"},{"@type":"ListItem","position":2,"name":"Climatización y Ventilación"}]},{"@type":"WebSite","@id":"https://jofer.pro/#website","url":"https://jofer.pro/","name":"Jofer","description":"","publisher":{"@id":"https://jofer.pro/#organization"},"potentialAction":[{"@type":"SearchAction","target":{"@type":"EntryPoint","urlTemplate":"https://jofer.pro/?s={search_term_string}"},"query-input":{"@type":"PropertyValueSpecification","valueRequired":true,"valueName":"search_term_string"}}],"inLanguage":"pt-PT"},{"@type":"Organization","@id":"https://jofer.pro/#organization","name":"Jofer","url":"https://jofer.pro/","logo":{"@type":"ImageObject","inLanguage":"pt-PT","@id":"https://jofer.pro/#/schema/logo/image/","url":"https://jofer.pro/wp-content/uploads/2017/06/Logotipo1.png","contentUrl":"https://jofer.pro/wp-content/uploads/2017/06/Logotipo1.png","width":496,"height":210,"caption":"Jofer"},"image":{"@id":"https://jofer.pro/#/schema/logo/image/"},"sameAs":["https://www.linkedin.com/in/jose-maria-fernandez-cañas-a80a7b21?ppe=1"]}]}</script>
<!-- / Yoast SEO plugin. -->

CLIMATIZAÇÃO E VENTILAÇÃO - Jofer

Áreas &#8211; Climatização e a ventilação Desde as origens a climatização e a ventilação foram a principal actividade da empresa. Esta especializou-se em instalações centralizadas e execução de projectos de grande envergadura apoiados num escritório técnico própria que com com engenheiros de ampla experiência no sector. Além disso a manutenção preventiva entendida como rotina de... Learn More

Climatización y Ventilación

https://www.linkedin.com/in/jose-maria-fernandez-cañas-a80a7b21?ppe=1
